 w be o(-6). Suppose w = -4*g + 23 - 3. Suppose -g*r = -4*r - 3. What are the prime factors of r?
3
Let u = 3 - 10. Let o(a) = -4*a - 2. What are the prime factors of o(u)?
2, 13
Let x(a) = a**2 + 10*a - 16. Let z be x(-12). Let y = z + -16. Let t(r) = r**2 + 8*r + 8. What are the prime factors of t(y)?
2
Suppose 4*d = 2*g, -5*d + 4*g + g = 10. Let b be (-3)/(-1)*d/3. Suppose -b*u + 3*u - 6 = 0. What are the prime factors of u?
2, 3
Let m(j) = -33*j + 8. Let c be m(11). List the prime factors of c/(-20) + 9/(-12).
17
Let p(l) = -56*l + 54. List the prime factors of p(-5).
2, 167
Let u be 6/(-9) - 518/(-3). Suppose 4*z = 4*t - u, -t + 29 = -5*z - 26. What are the prime factors of t?
2, 5
Let q = 0 + 0. Suppose -h + 0*h + 6 = q. List the prime factors of h.
2, 3
Let z be -16*1*(2 + -1). Let s(d) = -d**2 + 10*d - 4. Let g be s(12). Let u = z - g. List the prime factors of u.
2, 3
Let x(w) = -w**3 - 4*w**2 - 3*w - 4. Let a be x(-4). Let i = 6 + -4. What are the prime factors of (-3)/i*a/(-6)?
2
Let w(g) = -3*g - 1. Let a be w(-1). Suppose -3*r = 5*h - 37, -a*r + 16 = -0*r - h. Suppose -3*q = -0*q + 4*p + 1, -q + p = -r. What are the prime factors of q?
5
Let b(f) = f**2 - 8*f + 5. Let k be b(7). Let c be 50/4 + k/(-4). Suppose 0 = 2*a + 5 - c. What are the prime factors of a?
2
Suppose -14 = p + 3*g + 24, -3*g = -12. List the prime factors of p/(-4) + (-3)/(-6).
13
Let v(c) = 2*c**2 + c + 1. Let f be v(-1). Suppose 5*d - 75 = f*d. What are the prime factors of d?
5
What are the prime factors of ((-297)/(-55))/(1/5)?
3
Let s(m) = -m**2 - 7*m - 7. Suppose 9 = -4*t - 11. Let u be s(t). Suppose 0*o - u*a = -o + 24, -5*a - 25 = 0. List the prime factors of o.
3
Suppose 7*w - 3*w - 64 = 0. Suppose -4*x + 5*s + w = -0*x, -x + 2*s = -4. What are the prime factors of x?
2
Suppose 0 = -5*h - f + 75, -2*h + 22 + 5 = f. Let u = 27 - h. What are the prime factors of u?
11
Let r = 15 - 23. Let u = r + 34. List the prime factors of u.
2, 13
Suppose -v + 2*v = 82. Suppose -3*h = 2*t + 3 - v, -3*h + 77 = 4*t. List the prime factors of h.
3
Let j(q) = q**3 - 5*q**2 + 3*q + 3. What are the prime factors of j(5)?
2, 3
Suppose 3*c - 23 = 37. List the prime factors of c.
2, 5
Let v = 77 - 50. List the prime factors of v.
3
Suppose -7*v + 727 = -57. List the prime factors of v.
2, 7
Let d be 2/(-8)*8/(-2). What are the prime factors of d*(52/2 - 1)?
5
Let l = -4 + 8. Suppose r - 2*o = 8, r - 24 = -r - l*o. What are the prime factors of r?
2, 5
Let k be (6/(-9))/(4/(-18)). Suppose -k*f = f. What are the prime factors of (f + 4/2)*2?
2
Suppose 57*d + 297 = 60*d. List the prime factors of d.
3, 11
Suppose -3*a = -2*n - 74 + 234, -a - 2 = 0. What are the prime factors of n?
7, 11
Let a be ((-3)/2)/(12/(-64)). List the prime factors of 54/a - 9/12.
2, 3
Let x(y) = -y**3 - 5*y**2 - y + 3. Let m(t) = -t**3 + t**2 + 3*t - 2. Let n be m(2). Suppose 0 = -2*c - n*c - 10. What are the prime factors of x(c)?
2
Let p(q) = 5*q - 5*q + q + 3*q - 3*q**3 - 3*q**2 + 2. What are the prime factors of p(-3)?
2, 11
Suppose 3*b = d - 27, 5*b + 4*d + 46 = 6*d. Let w = b - -25. List the prime factors of w.
17
What are the prime factors of (3 + -16)*(-1 + -2)?
3, 13
Suppose -t + 4 = -0*t. Suppose -t*x = x - 15. Let j = 5 + x. List the prime factors of j.
2
Let l = 5 - 3. Suppose 4 + 4 = l*g. List the prime factors of g.
2
Suppose 2*v + 3*k = -k + 4, -3*v + 3*k - 30 = 0. Let b(r) be the first derivative of -r**2 - 4*r + 2. What are the prime factors of b(v)?
2
Let z(o) = -o + 5. Suppose 5 - 14 = 3*p. List the prime factors of z(p).
2
Let p(s) = 0*s + 2 - 21*s**3 - 9*s + 8*s**2 + 22*s**3. Let f be p(-9). List the prime factors of f/(-11) + 476/77.
2, 3
Suppose 0*y + 6 = 3*y. What are the prime factors of y/8 + 38/8?
5
Let s(m) = 3*m**2 - 3*m - 2. Let l be s(3). Let q = l + -7. List the prime factors of q.
3
Let n(w) = -w**3 - 10*w**2 - w + 6. Let t be n(-10). Suppose 5*i - 56 = -t. List the prime factors of i.
2
Let b be (3 - 3) + 6 + -2. Let i = b - -3. What are the prime factors of i?
7
Suppose -m + 1 = 3*m + 5*n, -5*m + 26 = -2*n. Let t be (m/10)/((-2)/(-10)). Let c(f) = f**3 + 2*f**2 - 4*f + 3. List the prime factors of c(t).
11
Let m = -10 + 13. Suppose -5*d + d = -2*u - 90, 0 = 2*d + m*u - 57. List the prime factors of d.
2, 3
What are the prime factors of (-8)/((-18)/(-24)*4/(-6))?
2
Let g = 8 - 12. Let k = -12 - g. Let c = 11 + k. List the prime factors of c.
3
Suppose 12 + 18 = 5*s. Suppose -230 = -s*m + m. Let g = 68 - m. List the prime factors of g.
2, 11
Let c(q) = -8*q. Let v be c(-1). Let s = -5 + v. Let j = 5 - s. What are the prime factors of j?
2
Suppose 0 = 5*j - 10*j + 155. List the prime factors of j.
31
Suppose -l - 1 + 9 = 0. Let c(p) = -4 - 2*p + 2 + 4*p - 7. What are the prime factors of c(l)?
7
Suppose 4*o + 97 = -27. Let k be (6/3)/(2/o). Let i = -18 - k. List the prime factors of i.
13
Suppose -4*g = -0*g - 24. Let k(q) = -q - 2. Let m be k(g). Let n = m - -12. What are the prime factors of n?
2
Let p(k) = 16*k**2 - 2*k - 1. Let q be (3/(-9))/((-2)/(-6)). Let h be p(q). Suppose -4*c - 2*s - 2 = 0, -2*c + 4*s + 7 + h = 0. List the prime factors of c.
2
Suppose -2184 - 2028 = -13*s. What are the prime factors of s?
2, 3
Let j(i) = 3*i**3 - 8*i**2 - 3*i + 4. What are the prime factors of j(4)?
2, 7
Let h be 530/45 + (-2)/(-9). Let v = h + -22. Let q = -3 - v. List the prime factors of q.
7
Suppose 2*h = 3*r - 41, -3*r - 2*h = -26 + 1. Suppose -3*l - 5 = -2*l - y, l = -y - r. Let i = l - -13. What are the prime factors of i?
5
Suppose 4 = j - 0. Suppose c + 3*c - 72 = j*x, 3*c + 5*x - 54 = 0. What are the prime factors of c?
2, 3
Let d be (-7 - -4) + 4 + -2. List the prime factors of (4/(-12))/(d/81).
3
Let i = 11 - -1. Suppose -5*x = -2*x - i. Suppose 0 = -4*h + 3*d + 25, x*d + 8 = -h - 0*h. List the prime factors of h.
2
Suppose 5*n - 56 = 4*n. Suppose -n = -3*m + 25. What are the prime factors of m?
3
Suppose -3*b = m - 15, 0 = -5*m + 4*b + 22 - 4. Suppose v = 2*a - m, 4*a - 8 = 4*v - 0*a. What are the prime factors of v?
2
Let v = -9 + 28. Let j = 2 + -13. Let o = j + v. What are the prime factors of o?
2
Let f be 6 + -3 - (9 - 2). Let a = f - -9. What are the prime factors of a?
5
Let z = 183 + -127. What are the prime factors of z?
2, 7
Let l(w) = -5*w**2 - 4*w + 3. Let r be l(3). Let f = r - -38. Let j = -10 - f. List the prime factors of j.
2, 3
Suppose 0 = r + 12 - 43. Suppose 5*u - r - 94 = 0. List the prime factors of u.
5
Let i(g) = g**3 - 27*g**2 + 30*g - 32. What are the prime factors of i(26)?
2, 3
Let a(v) = 3*v - 1. Let s be a(1). What are the prime factors of (0 + 1)/(s/10)?
5
Suppose 5*m - 7 = -2*p - 1, 4*p - 4*m - 40 = 0. List the prime factors of p/8*(16 - 1).
3, 5
Let x = 23 - 23. Let j(g) = -g**3 - g**2 + 29. List the prime factors of j(x).
29
Let p(s) = 3*s**2 - 6*s - 1. List the prime factors of p(5).
2, 11
Suppose 2*g - 2*j - 2 = 0, 2*j = 2*g - 3*j + 1. Let b(n) = n**2 - 1. What are the prime factors of b(g)?
3
Suppose 0 = 2*v + 3*c - 3, 5*v - 3*c = -3 - 0. Suppose v*i - 2*i + 3 = -5*g, 5*g - 4*i + 11 = 0. List the prime factors of g/(-3) + (-13)/(-3).
2
Let o(p) = -p**3 - 10*p**2 + 9*p - 11. Let j be (-6)/(-21) + 237/(-21). What are the prime factors of o(j)?
11
List the prime factors of (0 + 2)*(-39)/(-6).
13
Let j(h) = 2*h + 0*h + 4 - 3*h. What are the prime factors of j(0)?
2
Let v = -1 + -9. Let f(i) = -3*i - 6. What are the prime factors of f(v)?
2, 3
Suppose 548 = 3*y - 3*t - 31, 5*t = -5. List the prime factors of y.
2, 3
Suppose -2*q = 17 - 297. List the prime factors of 1/1*q/7.
2, 5
What are the prime factors of (-18)/4*24/(-36)?
3
Let j = -1 + 22. Suppose -15 = -5*w + 2*z + z, -3*z = w - j. What are the prime factors of w?
2, 3
Let l be 1 - (-5 - -3 - 0). Let s(f) = 2*f**2 + f - 3. List the prime factors of s(l).
2, 3
Suppose 4*p - 54 = -2*r + 12, -3*p + 6 = 0. What are the prime factors of r?
29
Let z(t) = 39*t**2 + 8*t + 12. What are the prime factors of z(-2)?
2, 19
Let c(h) = 9*h**2 - 12*h - 10. What are the prime factors of c(-4)?
2, 7, 13
Suppose 2*v - 69 - 32 = -5*t, -5*t = -4*v - 83. Suppose 11 + t = 5*l. Let q = 12 - l. List the prime factors of q.
2, 3
Suppose -5*n + 17 = -3. What are the prime factors of 1 - 6*n/(-6)?
5
Le